 is w(y)?
-8
Let a(r) = 2*r**3 - 11*r**2 - 6*r + 7. Let p be a(6). Let m(f) = 2*f**2 - f**2 - 36 + 36 - 7*f. Determine m(p).
0
Let g(z) = z**2 - z. Let n(w) = 3*w**2 - 5*w + 4. Let p(c) = 4*g(c) - n(c). Suppose -i = 2*r - 5 + 10, 5*i = -2*r - 1. Determine p(r).
2
Let w(q) be the second derivative of q**3/6 + q**2/2 + 124*q. Give w(-10).
-9
Suppose 2*i - 4*p - 98 = 0, 2*p + 85 + 7 = 2*i. Let r(j) = -i*j**2 + 2*j + 25*j**2 - j**3 - 3*j + 24*j**2 + 3. Calculate r(6).
-3
Let u(g) = g**2 + 4*g - 5. Suppose 5*f + 28 - 8 = 0. Calculate u(f).
-5
Let q = -14 - -8. Let m(r) = -r**2 - 7*r + 13 - 19 + 2. Give m(q).
2
Let k(n) = -n**3 - 5*n**2 - 3. Let g = -8 + 1. Let i = 13 - g. Suppose -6*f + 2*f - i = 0. Determine k(f).
-3
Let t(d) be the third derivative of -d**7/720 - d**6/720 + d**5/20 + 22*d**2. Let h(y) be the third derivative of t(y). What is h(1)?
-8
Suppose 22 - 16 = 2*t + p, -3*p - 18 = -3*t. Let w(s) = -38*s**3 + s**2 - t + s + 37*s**3 + 0*s. Calculate w(0).
-4
Let d be 3 + 0 + 1 + 1. Let c(j) = -j + 22. Let z be c(5). Suppose 4*f + 3*x + z = -0*f, -2*f = d*x + 19. Let s(r) = -2*r - 3. Determine s(f).
1
Let m = -451 + 447. Let b(q) = q**2 + 6*q + 6. Calculate b(m).
-2
Let g(r) = 22*r - 3. Let w(d) = 2*d + 49. Let j be w(-24). Give g(j).
19
Let c(o) = o - 3. Let m be (2 + 9/(-6))*-8 + 8. Suppose -m*u - l + 15 = 42, 22 = -4*u - 2*l. Give c(u).
-11
Let y(k) = 6*k + 98. Let o be y(-16). Let z(f) be the third derivative of -1/10*f**5 + 0*f - 4*f**o + 0*f**4 + 1/120*f**6 + 1/3*f**3 + 0. Give z(6).
2
Let y(p) be the first derivative of p**6/360 + p**5/15 + p**4/12 - 9*p**3 - 7. Let z(u) be the third derivative of y(u). Determine z(-7).
-5
Let x(q) = -q**2 + 2*q - 1. Let h(y) = -y**3 + 21*y**2 + 22*y + 3. Let c = -24 + 46. Let k be h(c). Determine x(k).
-4
Let x(b) = -2*b**2 - 7*b - 4. Suppose -3*d - 5*i - 3 + 1 = 0, -4*i - 3 = d. Let g be (d/(-2))/(2/4). Let r be g/(-4) + 34/(-8). What is x(r)?
-8
Suppose -16*a = 9*a - 150. Let f(x) = 7*x + 8. What is f(a)?
50
Let m(n) = n**2 - 8*n + 9. Suppose 2*c = 3*c + 31. Let l = c - -15. Let j = 22 + l. Calculate m(j).
-3
Let a(q) = 28*q - 48. Let b(f) = -10*f + 17. Let v(j) = 4*a(j) + 11*b(j). What is v(-5)?
-15
Let u(n) = n**3 + n**2 - n + 1. Let s(y) = -7*y**3 - 14*y**2 + 6*y - 13. Let q(i) = s(i) + 6*u(i). What is q(-8)?
-7
Let z(c) = 0 + c**3 + 7*c**2 + 13*c - 5*c + 1. Let r be z(-6). Let j = r - -10. Let b(u) = u**2 + u - 1. What is b(j)?
-1
Let g(s) = 3*s + 3. Suppose 0*w - w + 5*d - 68 = 0, 3*d = 5*w + 230. Let a = w + 39. Determine g(a).
-9
Let n(m) = -m**3 + 4*m**2 + m + 1. Let p be ((-3)/(-2))/((-24)/(-80)). Let v(j) = 2*j**2 - 9*j - 2. Let w be v(p). What is n(w)?
13
Let z(v) = -v - 4. Let l(n) = -n**3 + 3*n + 3. Let p be l(0). Let u(m) = -m - 7. Let o(i) = p*u(i) - 5*z(i). Give o(-5).
-11
Suppose -4*v - 5*t = -42, 4*t = 4*v - 3*v. Let s(w) = -v*w**3 - 2325*w**2 + 0*w**3 + 2323*w**2 - 2*w - 1. What is s(-1)?
7
Let n(v) = -2*v - 4. Let f be (2/(-3))/(((-26)/(-12))/13). Determine n(f).
4
Suppose 15 = -0*l + 3*l. Suppose -14 = l*m - 2*w, -10*m + 6*m + w - 10 = 0. Let f(u) = u**3 + 3*u**2 + 3*u + 1. What is f(m)?
-1
Let d(m) = -4 - 18*m + 10*m + 8*m + m**2 + 2*m. Calculate d(-4).
4
Suppose 2*g = -g. Suppose 2*m + m = g. Let k(a) = a**3 + a. Let t(x) = 7*x**3 - x**2 + 6*x + 4. Let j(f) = 6*k(f) - t(f). Calculate j(m).
-4
Let a(o) = 2*o**2 - 4*o**2 + o + 2 + o**3 - 3*o. Suppose s + 3*g - 11 = 7*g, -10 = -2*s + 2*g. Suppose 0*u = s*l - u - 12, 3*l + 4*u = -3. Determine a(l).
5
Let n(k) be the first derivative of -k**3/6 + k**2 + 28*k - 25. Let x(f) be the first derivative of n(f). Calculate x(5).
-3
Suppose -n = 2*v - 9, -n + 7*v - 3*v - 9 = 0. Let d(z) be the second derivative of -1/12*z**4 + 5/6*z**n + 1/2*z**2 + 9*z + 0. Give d(3).
7
Let h = 6 - 4. Let y(l) = -l**3 + 5*l**2 - 3*l + l + 0*l**h - l. What is y(4)?
4
Let h(p) = -p**2 - 12*p + 3. Let k be h(-11). Let j be k/(-21) + (-8)/(-3). Suppose -3 = -5*f - 4*i, 0 = i - j. Let x(a) = -7*a**2 + 1. Give x(f).
-6
Let b(h) be the third derivative of 0*h - 5/12*h**4 + 0 + 11/6*h**3 + 11*h**2 + 1/60*h**5. Calculate b(8).
-5
Let v(h) be the first derivative of h**4/4 + 7*h**3/3 + 9*h**2/2 - 12*h + 18. Let b be v(-5). Let m(w) = w + 1. What is m(b)?
-6
Let u(w) = w + 7. Let o(a) = a + 5. Let m be o(-2). Suppose -m*d = d - 20. Suppose 0 = -g + d*v - 11, 2*g = -v + 6*v - 17. Give u(g).
1
Let t(i) = i**3 + 15*i**2 + 13*i - 11. Let p be t(-14). Suppose 3*s - 15 = -3*y, -p*s = 2*y - 4*y. Let x(n) = -n**2 + 2 - n**2 - 4 + n. Determine x(s).
-8
Let c(l) = -3*l - 6. Let g be c(-2). Let f = 1 - -3. Let y(i) = 3*i - f*i - 1 - 1. Calculate y(g).
-2
Let w = 2043 - 2034. Let l(d) = -d**3 + 10*d**2 - 11*d + 8. What is l(w)?
-10
Let k(w) be the second derivative of -w**5/20 + 2*w**4/3 + 3*w**3/2 - w**2/2 - 11*w. What is k(9)?
-1
Suppose 15*y + 20 = 17*y. Let s(r) = r - 7. What is s(y)?
3
Let v be (18/(-48)*-8)/(2 + -1). Let i(x) = 2*x - 1. Give i(v).
5
Let u be (-3)/(1 - -2) - 1. Let o(p) = -13*p + 4. Let k(b) = 3*b - 1. Let w(y) = 18*k(y) + 4*o(y). Calculate w(u).
-6
Let x = 22 - 26. Let y(s) = -s. Determine y(x).
4
Suppose 1 = 15*q - 14*q. Let m(p) = -p**3 + 7*p**2 - 6*p - 2. Let k be m(6). Let h be 2/(-4) + q/k. Let s(i) = -i**2 - i. Calculate s(h).
0
Let k(c) be the first derivative of -5*c**3 + c**2/2 + 1. Suppose -l + 8*l = -14. Let q be l/12 + (-2)/(-12) - -1. Determine k(q).
-14
Let c(l) = l**2 - 5*l + 3. Let j be c(3). Let s = -15 + 17. Let w(t) = -1 + 4*t**2 + 2*t + 3*t**2 - 6*t**s. Give w(j).
2
Let l(o) = -9*o**2 - 8*o - 10. Let a be l(-3). Let u = a + 65. Let n(p) = -p**2 - 2. Calculate n(u).
-6
Let u(g) = 48*g - 225. Let b(v) = -3*v + 14. Let y(q) = 33*b(q) + 2*u(q). Determine y(9).
-15
Let r = 56 + -50. Let j(k) = -10*k - 8 + 18*k - r*k. Calculate j(6).
4
Let n be (-5 - 35/(-3))*(-63)/2. Let i be ((-2)/4)/(n/72 + 3). Let f(p) = p**3 + 5*p**2 - 4*p + 1. What is f(i)?
-11
Let m(u) = u**2 - 2*u. Suppose 2 = -w - 4*o + 20, 5*o - 15 = 0. Determine m(w).
24
Let t(r) = -7*r**2 - 8*r + 10. Let v be t(1). Let d(u) be the second derivative of -1/2*u**4 + 2*u + 0 - 5/6*u**3 - 1/20*u**5 + 2*u**2. What is d(v)?
4
Let x(k) = k**3 - 3*k**2 + 1. Suppose 2*s - 13 = 7. Let j = -8 + s. Let y(b) = 2*b**2 - 3*b. Let i be y(j). Give x(i).
-3
Let n(d) be the second derivative of -1/6*d**3 - 13/2*d**2 + 0 - 44*d. Calculate n(-7).
-6
Let r(v) be the second derivative of -1/5*v**5 + 0 + 0*v**4 + v + 1/2*v**2 + 0*v**3. Suppose -5*w + 3*n + 7 = 0, 4*w + 16 = -0*w - 3*n. What is r(w)?
5
Let n(k) = k**3 - 10*k**2 - 5*k + 1. Let o(j) = -j**2 - j - 1. Let s(v) = -n(v) + 4*o(v). Suppose 5*r = -3*i + 28, 2*i + 271*r = 273*r + 8. Give s(i).
1
Let d = 0 - 2. Let y(u) be the second derivative of 0 + 3*u - 1/12*u**4 - 1/2*u**2 - 1/6*u**3. What is y(d)?
-3
Let o(i) be the third derivative of -3*i**2 + 0 + 0*i - 7/24*i**4 + 1/60*i**5 + 0*i**3. Let w = 25 + -19. Give o(w).
-6
Suppose 225*z - 228*z - 39 = 0. Let p(a) = -a**3 - 13*a**2 + 12. Calculate p(z).
12
Let z(f) = -3*f + f**2 - 2*f**2 + f - f. Suppose -x - 3*l + 10 = 0, -l = -2 - 3. Determine z(x).
-10
Let o(d) = 5*d**2 + 4*d + 17. Suppose 2*x = -2*t + 3*x - 9, 28 = -5*t - 3*x. Let f(h) = -3*h**2 - 3*h - 11. Let b(g) = t*o(g) - 8*f(g). Determine b(3).
6
Let p be 2*((-27)/(-6))/(-9). Let f(b) = -5*b**3 - 3. Let n(m) = 11*m**3 + m**2 + 7. Let d(t) = 5*f(t) + 2*n(t). Give d(p).
4
Suppose -v - 2*v - 21 = 0. Let q(x) = 15*x + 104. What is q(v)?
-1
Let t(o) be the second derivative of o**5/20 + o**3/3 + o**2/2 + o + 67. Let i be (-2)/3*3/2. Calculate t(i).
-2
Let x(u) = -u + 2. Let a(l) = l**3 - 10*l**2 + 11*l + 5. Let q be a(9). Let v = -27 + q. What is x(v)?
6
Suppose -5*u + 25 = -u - 3*y, -20 = -2*u + 4*y. Suppose 15 + 33 = u*c. Let v = c - 20. Let i(j) = -j**2 - 9*j - 2. Give i(v).
6
Suppose -a = 4*d - 368, -3*d - 198 = -5*d - 4*a. Let s(h) = -92 + d + 8*h - 2*h. Calculate s(1).
5
Let k be 3/18 - -2*(-123)/(-36). Let p be (-4)/(12/(-15)) - -2. Let b(n) = -7*n**2 - 7*n + p*n + n**3 + 5. Calculate b(k).
5
Let v(y) = -2*y**2 + 6*y - 3. Let k = -406 - -410. Calculate v(k).
-11
Let d(u) be the second derivative of -u**5/20 - u**3/6 + 2*u**2 - 2*u + 45. Calculate d(0).
4
Let k(z) = z - 1. Let b(q) = -q**3 + 10*q**2 + 12. Let x be b(10). Suppose 6*v =